git of -1*(-2 - -3)*a?
1
Suppose 3*v - 42 = -3*i, v = 2*i + 20 + 3. What is the tens digit of v?
1
What is the units digit of -20*(-4 + 68/20)?
2
Suppose b + 4*b = 130. What is the units digit of b?
6
Suppose 5*v - 2*v - 3 = 0. Let i(t) = 38*t**2 - 2*t + 1. What is the units digit of i(v)?
7
Suppose -5*q + 2*t = -540, 4*q - 32 = 2*t + 398. Suppose 4*z = -z, 5*w + 5*z = q. Let o = w + -13. What is the units digit of o?
9
Let f(o) = o + 1. What is the units digit of f(4)?
5
Suppose -2*p - 3*j = -127 - 192, 0 = 2*p - 2*j - 324. What is the tens digit of p?
6
Let l = 19 - -5. Suppose 4*m + 0 - l = 0. What is the units digit of m?
6
Let q be ((-12)/7 - -2)*7. Let s(v) = -3*v - 4 + 7*v**q + 4 + 4*v. What is the units digit of s(-1)?
6
Let a be 0/((-4)/6*3). Let d(n) = -n**2 + 18. Let b be d(a). Suppose 0 = 3*q - 0*q - b. What is the units digit of q?
6
Suppose -13*b + 552 = -5*b. What is the units digit of b?
9
Let y(p) = -p**3 - 7*p**2 - 2*p + 4. Let t be y(-7). What is the units digit of (t/(-4))/(3/(-6))?
9
Let w be 176 + (-2 + -1)*1. Suppose -5*j + 175 = 5*o, 3*j + 2*j + 3*o = w. What is the units digit of j?
4
Let v(z) = 2*z**2 + z + 2. Let i be v(-5). Let d(c) = -2*c - 12. Let q be d(-6). Suppose 5*j - 4*b = i, q = 3*j + 3*b - 18 - 21. What is the tens digit of j?
1
Let z be ((-8)/12)/((-2)/9). Let u(n) = 2*n - n**3 - 5*n**z - 3*n**3 + 1. What is the units digit of u(-1)?
8
Let f = 22 + 29. Suppose -5*d + 34 = a - 0*a, -3*a + 2*d = -f. Suppose -3*b + a = -2. What is the units digit of b?
7
Suppose -5*n + 39 = -3*f - 26, 3*n - 5*f - 55 = 0. What is the units digit of n?
0
Let n = -104 - -176. What is the tens digit of n?
7
Suppose 0 = -3*o + 2*o + 2*w, 3*o - 7 = -w. Let a(x) = x**2 - 11*x + 9. Let n be a(11). Suppose -f = -2*l + n, -f + l + o = 6. What is the units digit of f?
1
Suppose 2 + 1 = 3*g. Let j(q) = 7*q**2 + 1. What is the units digit of j(g)?
8
Let c = -5 + 7. Let l be 16/(-56) + c/7. Suppose -3*m + 12 = -l*m. What is the units digit of m?
4
Suppose 2 = -3*b - 1. Let r(o) = -19*o + 1. What is the units digit of r(b)?
0
Suppose -204 = -2*n + 356. What is the units digit of n/12 + 1/(-3)?
3
Let a(j) be the first derivative of 2*j**3 - j**2/2 - 1. Let y = 2 + -3. What is the units digit of a(y)?
7
Let g = 42 - 24. Suppose 0 = -2*k + g + 4. What is the units digit of k?
1
Let p = -27 - -70. What is the tens digit of p?
4
Let k(o) = 10*o + 3. Let b be k(-2). Let w(h) = 13*h**2 - 7*h + 5. Let f(i) = -39*i**2 + 20*i - 14. Let u(q) = b*w(q) - 6*f(q). What is the tens digit of u(-1)?
1
Suppose -6*z - 40 = 5*m - 3*z, -25 = -5*z. Let k = 15 + m. What is the units digit of k?
4
Let j be (-18)/(-6) - (-47 - -2). What is the units digit of j/(-10)*(-90)/27?
6
Let o(s) = s**3 - 7*s**2 + 7*s + 3. Let y = 19 - 13. What is the units digit of o(y)?
9
Suppose s = -3*s + 432. Let u be (s/16)/(6/32). Suppose 7 = -3*c - r + u, -1 = c + 3*r. What is the tens digit of c?
1
Suppose -l + 5*o + 7 = l, l - 4*o = 8. Let x(y) = 5*y + 1. Let k(p) = 6*p + 2. Let n(h) = 4*k(h) - 5*x(h). What is the units digit of n(l)?
7
Suppose -4*q + 12 = -0*q. Suppose -q*n = -3*r, 5*r + 2*n - 4*n - 12 = 0. Suppose -2*z + 3*c = -8, r*z + 5*c - 31 = 7. What is the units digit of z?
7
Let m = -4 + 7. Let l(p) = -3*p + 4. Let d be l(m). Let h(g) = -g**2 - 8*g - 7. What is the units digit of h(d)?
8
Suppose -3*d + 166 + 228 = 5*y, -160 = -2*y - 2*d. What is the tens digit of y?
7
Let k = 1 + -1. Suppose -j - 6 = -k*j. What is the units digit of 10/(-15) - 34/j?
5
Let x = 9 - 19. Let d = -1 - x. What is the units digit of d?
9
Suppose 0*b = -5*b + 50. Let x be b/(-35) - 16/(-7). Let h(k) = k**2 + 2. What is the units digit of h(x)?
6
What is the tens digit of (-4 + -8)/((-6)/8)?
1
Let u be 129/4 - (-2)/(-8). Suppose 3*a = -5*s + u, 3*s + s = 2*a + 8. What is the units digit of s?
4
Suppose -3*j - 23 = -5*o - 4, j - 5*o + 23 = 0. Suppose 6 + 0 = j*v. Suppose 4*k - 1 = v. What is the units digit of k?
1
Let p be (-1 + 3)/(2/4). Suppose 21 + 7 = p*w. What is the units digit of w?
7
Let w(s) = -s**2 + 11*s + 8. What is the tens digit of w(6)?
3
Let b(f) = -6*f + 11. What is the units digit of b(-6)?
7
Let s(n) = -8*n - 9. What is the tens digit of s(-6)?
3
Let b = 133 - 89. What is the tens digit of b?
4
Suppose 3*j = -0*j + 18. What is the units digit of j/4*1*2?
3
Suppose 3*a = -3*k, -2*a - 18 = -6*a + 2*k. Suppose 3*d = -0*d - a. What is the units digit of d*(-3)/(4 - 1)?
1
Suppose 0 = u + 4*z, 5*u + z - 15 - 4 = 0. Let d = -2 + u. Suppose x - 12 = d. What is the units digit of x?
4
Suppose -5*w + l = -4*w - 21, -l = 0. What is the units digit of 216/w + 6/(-21)?
0
Suppose -2 = -0*b + 2*b. Let r = b - 2. Let l(u) = u**3 + 2*u**2 - 3*u + 2. What is the units digit of l(r)?
2
Let k(b) = -b**3 - b**2 + 2*b + 2. Let j be k(-2). Suppose j*m - m - 13 = 0. What is the units digit of m?
3
Let a(b) = 4*b - 10. What is the units digit of a(29)?
6
Suppose 2*f + 68 = 4*v + 4*f, 5*v - f - 71 = 0. What is the units digit of v?
5
Suppose 0 = -r + 2*r - 4. Suppose 6*o + 8 = 2*o, -r*z + 5*o + 70 = 0. What is the units digit of z?
5
Suppose 5*w = w + 20. Suppose -39 = -2*h + w*f, 0 = -4*h - 5*f - 1 + 4. Suppose 0 = -x - 0*x + h. What is the units digit of x?
7
Suppose -5*a = -15, -29 = -y - a - 4*a. Let m = y - 0. What is the units digit of m?
4
Suppose 0 = -2*w + 16*w - 2394. What is the units digit of w?
1
Let w(b) = -8 + 6 + b**2 + 3 + 4*b. What is the units digit of w(-7)?
2
Let t = 40 + 82. Suppose -4*y + v = -t, v = y - 11 - 18. Let x = y + -17. What is the tens digit of x?
1
Suppose -4*i = 4*a - 42 - 34, -44 = -2*a + i. What is the tens digit of a?
2
Suppose 24 = 2*a - q, 0 = 4*a + 2*q - 19 - 37. Suppose -c + 2*h + a + 41 = 0, -5*h = -c + 66. What is the units digit of c?
6
Suppose 7*k = 9*k - 48. Let t = k + 17. What is the tens digit of t?
4
Let w(t) = 70*t - 4. What is the hundreds digit of w(2)?
1
Let n be 3 + -2 - (1 + 0). Suppose n = 4*m + 4*l + 12, 0 = 2*m - 7*m - 3*l - 7. What is the units digit of m?
1
Let r = 93 + -8. What is the tens digit of r?
8
Suppose 0*x + 45 = -x. Let j = -158 + 95. Let o = x - j. What is the units digit of o?
8
Let s = 45 - 20. What is the units digit of s?
5
Suppose 0 = 3*l - 0*z + 4*z - 27, 4*z = 3*l - 3. What is the units digit of l?
5
Suppose 0 = 6*u - 2*u + 48. Suppose -n = -0*v + v - 19, 2*n = -5*v + 86. What is the units digit of v/3 + (-8)/u?
6
Let u(h) = 3*h - 1. Let k be u(3). Suppose -s + 3 = -k. What is the units digit of s?
1
Let f be (-68 - 1)*(-1 + 10). What is the units digit of f/(-45) + (-2)/(-10)?
4
Suppose -2*k = k + 60. What is the units digit of -4 - -7 - k/2?
3
Suppose -2*t + 4*t = 0. Suppose 0 = -t*f - 2*f + 3*a + 15, 4 = 4*a. What is the units digit of f?
9
What is the units digit of 4/((-16)/(-28)) - -3?
0
Let y be ((-5)/(-3))/(4/(-12)). Let d(b) = -b**3 - 5*b**2 - b - 2. Let h be d(y). Suppose -r + h = -5. What is the units digit of r?
8
Let f = 32 + -15. Suppose f = r + 2*w, 3*r - 2*r - 12 = 3*w. Let b = r + -10. What is the units digit of b?
5
Let v(f) = 22*f**2. What is the units digit of v(1)?
2
Let q(r) = r**2 - 4. Let u = -3 + 0. Let a be q(u). Suppose 0*t - 25 = -a*t. What is the units digit of t?
5
Suppose 3*y = 2*y + 1, 694 = -4*v - 2*y. Let u = v - -252. Suppose -4*t + u = -6. What is the tens digit of t?
2
Suppose 4*u = 3*r - 47, -2*u + r = 4*r + 1. Let m = 13 + u. What is the units digit of m?
5
Let l(x) = -2*x + 2. What is the units digit of l(-2)?
6
Let h(m) = m**3 - 15*m**2 - 22*m - 4. What is the units digit of h(17)?
0
Let j(c) = c**2 + 4*c - 2. Let w be j(-4). Let l be (4/2 - 0) + w. Suppose a - 5*z - 6 = 0, l = -3*a + 2*z - 6*z + 37. What is the tens digit of a?
1
Suppose -140 = -36*r + 31*r. What is the units digit of r?
8
Suppose 5*z = -x + 25 + 61, -z + 4*x + 13 = 0. What is the units digit of z?
7
Let v be (-2)/(-5) + (-51)/15. Let z be (-6)/(-1) - (v - -4). What is the units digit of z*(9/(-5))/(-3)?
3
Let y(u) = -u + 3. Let j be y(-14). Let r be (-1 + 31)*(2 - 1). Suppose 3*l + t = 2*t + j, 0 = 2*l + 4*t - r. What is the units digit of l?
7
Suppose 3*q - 4 = q + r, -2 = 4*q + 3*r. Let l be 0 + (q - 1) - 12. Let t = -5 - l. What is the units digit of t?
7
Suppose -2*f + 12 = 2*f. Suppose f*o = 2*o. Suppose 0